 - 71 - 7*b - 146*b**3 + 147*b**3 + 70. What is k(l)?
-11
Suppose -4*s + 29 = c, 0 = -2*s - 16*c + 14*c + 16. Let v(x) = -4*x - 1. Calculate v(s).
-29
Let s(u) = -u - 1. Let q(l) = 6. Let v(b) = q(b) - s(b). Let n be 0*((-65)/234 + 4/(-18)). Suppose -2*t - 6 = n, 19 = -4*j - j + 2*t. Give v(j).
2
Let o = 158 + -155. Let f(w) = -2*w**2 - 269*w + 273*w - 2*w**o - 4 + 7*w**2. Give f(4).
-36
Let v(h) = h**2 - 5*h - 3. Suppose -32 = -6*r - 86. Let j be 2*(-2 + 3 + r). Let z = 20 + j. What is v(z)?
-7
Let q(r) be the third derivative of -r**7/1260 - r**6/120 + 7*r**5/20 - r**4/12 - 34*r**2 + 2*r. Let f(v) be the third derivative of q(v). Determine f(0).
-6
Let u(o) = 6*o**2 + 30*o - 181. Let z(l) = -2*l**2 - 10*l + 63. Let k(p) = -6*u(p) - 17*z(p). Determine k(-11).
-117
Let w(n) = n**2 - 63*n + 979. Let r be w(33). Let g(j) = 5*j + 52. Give g(r).
-3
Let k(p) be the first derivative of -21*p**2/2 - 579*p + 2361. Calculate k(-27).
-12
Let p(m) = 159*m + m**2 - 419*m + 284*m - 114. Determine p(-28).
-2
Let b(g) be the third derivative of -g**4/24 + g**3/6 - 26*g**2. Let x(a) = a**3 - 5*a**2 - 9*a + 6. Let r(k) = -6*b(k) + x(k). Give r(3).
-27
Suppose 0 = 3*m + 3*u - 1161, -2 = -3*u - 11. Let l(f) = -f**3 - 11 + 391*f**2 - m*f**2 + 4 - f. Let a be -2 - (3 + (-20)/4). Determine l(a).
-7
Let l be 154/(-242)*(-11)/1. Let y(k) be the second derivative of k**5/20 - k**4/2 - 4*k**3/3 + 2*k**2 + 4*k. Give y(l).
-3
Let b be (-22)/10 + (-11)/(165/12). Let y(q) be the first derivative of -7*q**2 - 4*q + 55. Determine y(b).
38
Suppose 7*w = 53 - 39. Suppose 20 = 5*o - w*f, o + 11 = -5*f - 12. Let j(c) = 3*c - 5. Calculate j(o).
1
Let v(p) = p**3 - p**2 - p. Let i(l) = 7*l**3 - 8*l**2 - 4*l - 3. Let q be 5/2*(-84)/(-35). Let c(x) = q*v(x) - i(x). Determine c(2).
-1
Suppose 143 = 5*u - 2*t + 170, -3*t = -5*u - 28. Let o(d) = -d**3 - 3*d**2 + 5*d - 27. Determine o(u).
-2
Let l(h) = 9*h + 63. Let s(a) = -9*a - 79. Let p(v) = -5*l(v) - 4*s(v). Suppose -d - 1 = -0. Give p(d).
10
Let z(s) = -s**3 + 7*s**2 + 11*s - 26. Suppose l - 11*l = -l - 72. What is z(l)?
-2
Suppose -728 = 3*u + 1729. Let c = 821 + u. Let l(t) = -t**2 - 2*t + 2. Calculate l(c).
-6
Let r(m) = 27*m**2 + 18*m - m**3 - 20*m - 60 + 13*m + 20*m + 0. Give r(28).
24
Let g(u) = 7*u - 1. Suppose 0 = 4*k - 10*k + 24. Suppose -3*l = -k*q + 71, 2*l - 3*l + 50 = 3*q. Let o = q + -16. What is g(o)?
6
Let f(r) = 552*r - 407. Let l(s) = -658*s + 406. Let i(c) = -6*f(c) - 5*l(c). What is i(19)?
-6
Let x be ((-7)/(-14))/(10/(-120)) + 22. Let r(i) = i**2 - 7*i - 148. Calculate r(x).
-4
Let n(r) = -4*r - 3. Let l(i) = -45*i - 22. Let p(k) = -l(k) + 9*n(k). Determine p(12).
103
Suppose g = -0*g + 2. Let i(w) = 3*w**g + 1 - 7*w**2 + 0*w**2. Let j be 2/13 + (-946)/(-1118). Calculate i(j).
-3
Suppose 10 = 2*z - w, 20 = 4*z + 2*w + w. Suppose -z*v - 8 = -v. Let a(y) = 3 - 46*y + 87*y - 44*y + 8 - 13. Determine a(v).
4
Suppose 53*y - 50*y - 30 = 0. Let b(n) = -23*n + 40. Let t(h) = 8*h - 13. Let l(m) = 6*b(m) + 17*t(m). Calculate l(y).
-1
Let f(v) be the third derivative of -v**4/6 + 37*v**3/6 + 2381*v**2. Calculate f(10).
-3
Let d(l) = -5*l + 168. Let a(y) = 4*y - 140. Let b(k) = 6*a(k) + 5*d(k). Determine b(-5).
5
Let u(a) = 5 + 0 + 1 + 3*a - 1 - 15. Determine u(-6).
-28
Let c be 9/(-6)*480/144 + 3. Let i(m) = m**2 - 6*m - 4. Determine i(c).
12
Let r(v) be the first derivative of v**3/3 - 13*v**2/2 + 8*v - 7. Suppose 28*j - 880 = 4*j - 56*j. What is r(j)?
-14
Let c(k) = -4*k**2 - 35*k + 146. Let q(p) = -p**2 - 3*p + 50. Let g(v) = c(v) - 3*q(v). Calculate g(-18).
140
Let i(d) = 37*d**2 + 4*d - 1. Let q(z) = -31*z**2 - 3*z + 2. Let t(p) = 5*i(p) + 6*q(p). Give t(-6).
-41
Suppose -120*x - 296*x - 416 = 0. Suppose 12 = 4*m - 2*j, 2*m + 5*j + 6 = -0. Let w(n) = -n**2 + 1 - 2 + 4*n**3 + m. Determine w(x).
-4
Let o = -43 + 67. Let d = o - 31. Let a = d - -4. Let q(c) = c**3 + 3*c**2 - 2*c + 1. Calculate q(a).
7
Let v(g) = -g + 29. Let s be (79 - 1)*(-23)/(39 + -177). Calculate v(s).
16
Suppose -2*y = -4*y - 12. Suppose -s - 54 = -61. Let p(x) = -6*x + s*x + 9 + x. Determine p(y).
-3
Suppose -5*a = q - 8, 3*a + 32 = 215*q - 211*q. Let t(n) = n - 3. Let v be ((-10)/8)/(2/8). Let k(i) = i - 3. Let r(p) = v*k(p) + 6*t(p). Determine r(a).
-3
Suppose p + 20 = -0*p - 2*n, -3*p + 5*n = 49. Let j be p/(-7) + 2*2/(-7). Let c(a) = 0*a**j - 1 - a**2 - 44*a + 44*a. Give c(3).
-10
Let j(g) = g**2 - 9. Let l = -2873 - -2873. Calculate j(l).
-9
Suppose 24 = -0*t + 30*t - 6*t. Let z(x) = 14*x**3 + 2*x - 1. Determine z(t).
15
Suppose 0*u - 25*u + 125 = 0. Let h(d) = 5*d - 17. Let r be h(u). Let j(k) = k**3 - 8*k**2 + 2*k - 3. Give j(r).
13
Let t(n) = n**2 - 9*n - 24. Let z be 6 + (-27)/(216/(-32)). Calculate t(z).
-14
Let t(s) = 0*s**2 + 8 - 14*s + 10 - 9*s**2 - 22 - s**3. Give t(-7).
-4
Let q(x) = 16*x**2 + 3*x - 4. Let c(m) = -7*m**2 + 188*m - 155. Let u be c(26). What is q(u)?
15
Let s(w) be the third derivative of -1/2*w**3 + 0*w + 1 + 1/8*w**4 + 13*w**2. Give s(6).
15
Suppose 0 = c - 89 - 24. Let z = c - 113. Suppose -4*w + 3*i - 1 = z, 2*i - 4*i - 7 = 5*w. Let s(b) = 19*b**3 + b**2 + 2*b + 1. Determine s(w).
-19
Let h be (3/6)/(7/154). Let z(g) = 0*g - h + g + 15. What is z(-13)?
-9
Let s(m) be the third derivative of m**5/12 - m**3/3 + 583*m**2. What is s(1)?
3
Let w(q) be the first derivative of -13*q + 0*q**3 + 1/20*q**5 + 1/4*q**4 + 4 + 0*q**2. Let j(i) be the first derivative of w(i). Give j(-3).
0
Let y(p) be the second derivative of -p**4/12 + 73*p**3/6 - 4*p**2 - 3066*p. What is y(0)?
-8
Let d(u) = -u**3 - 2*u**2 + u. Suppose -4*w + 8 = -n, -2*n = -4*w + 3*n - 8. Suppose w*a - 68 = -a. Let o = a + -20. Calculate d(o).
6
Let l(h) = -25*h**3 - 20*h**2 - 6*h - 6. Let i(f) = -2*f**3 - f**2 - f. Let j(z) = 13*i(z) - l(z). Suppose 3*q + q = -4. Let m be (2 + -8)*(q + 0). Give j(m).
0
Let i(u) be the second derivative of 6*u + 3*u**2 + 0 - 1/2*u**3 + 1/24*u**4. Let d(y) be the first derivative of i(y). Give d(6).
3
Let i(v) be the second derivative of -v**3/3 - 25*v**2 - 15*v. Calculate i(-24).
-2
Let w(a) be the third derivative of 0*a - a**2 + 5/6*a**3 - 9 + 5/24*a**4. Calculate w(-5).
-20
Let s(r) be the first derivative of -1/3*r**3 - 8 + 4*r**2 - 6*r. What is s(8)?
-6
Let z(y) = 4*y + 5. Let s(w) = 2*w**3 - 71*w**2 - 28*w + 27. Let j be s(36). Suppose j*c + 8 = 313*c. Give z(c).
-11
Let k(c) = c**2 + 12*c + 15. Let b be ((-5)/(-175)*-18)/((-18)/(-60))*7. Calculate k(b).
15
Let b = -4232 + 4230. Let i(a) = 9*a**3 + a**2 + 2*a + 4. Calculate i(b).
-68
Let x(z) = -13*z + 292155 + 7*z - 2*z**2 - 292143. Determine x(0).
12
Let u(c) = c**2 - 5*c - 6. Let d(o) = -1. Let h(x) = 7*x - 4. Let k(a) = -5*d(a) - h(a). Let r be k(12). Let q be 30/r - (-64)/10. What is u(q)?
0
Let q(m) = -m**2 + 2*m + 35. Let g be q(-5). Let a(x) = 22 + 6*x - x**2 - 21 + g*x**2. Calculate a(7).
-6
Let b(n) = -n**3 + 3 - n - 18*n**2 + 17*n**2 - 1. Let i be b(0). Let z(u) be the first derivative of -u**4/2 - u**3/3 + u**2/2 + u + 27. Calculate z(i).
-17
Suppose -29*l = 4*d - 31*l + 20, 2*l = 0. Let r(o) = o**2 + 2*o + 10. Calculate r(d).
25
Let h(v) = 9*v**3 - v**2 - 10*v + 4. Let y be h(2). Let d(o) = -7 - 12 - 8*o**2 + o - 16 - 18 + y. What is d(1)?
-8
Suppose 3*c - d + 21 = -4*d, -5*c + 2*d = 0. Let s be 32/24 + c/(-3). Let w(p) = 7*p + 5*p**2 + s - 4*p**2 - 1. Give w(-7).
1
Let u = 9330 + -9327. Let v(q) be the third derivative of q**4/24 + 2*q**3/3 + 2*q**2. Give v(u).
7
Let w(l) be the second derivative of 0 - 1/2*l**2 - 34*l + 25/6*l**3. Calculate w(1).
24
Let d(v) = 23*v - 46. Let q be d(2). Let f = 19 + 2. Let x(t) = -f + 15 - t**2 + 2*t**2 + t**3. Give x(q).
-6
Let n(t) = t**2 - 17*t + 41. Suppose b + 3*g + 29 - 23 = 0, 3*b = -2*g + 3. Calculate n(b).
-1
Suppose 0 = 7*i - 3 - 95. Suppose -21*g - i = -19*g. Let f(j) = -j**2 - 7*j - 1. Let m be f(g). Let q(z) = 7*z**3 + 2*z**2 - 1. Determine q(m).
-6
Let h(p) = p**3 + 15*p**2 - 3*p - 15. Suppose -x = -2 + 7, 0 = 4*q + x + 65. Determine h(q).
30
Suppose 0*j = 2*j - 10. Let h(f) = -11*f + 0*f + 2*f + 1 + f**2 + 0 + f. What is h(j)?
-14
Let g(m) be the first derivative of -m**4/4 + m**2/2 + m - 1. Let v(d) = 2*d**3 + 17*d**2 - 13*d - 36. Let a be v(-9). Determine g(a).
1
Suppose g + 35 = -5*q, 30 - 15 = -3*g.